is divided by 2468?
2435
What is the remainder when 93728 is divided by 31241?
5
Calculate the remainder when 3908 is divided by 390.
8
Calculate the remainder when 3001 is divided by 236.
169
What is the remainder when 21399 is divided by 821?
53
Calculate the remainder when 171555 is divided by 22.
21
What is the remainder when 5412 is divided by 46?
30
What is the remainder when 7011 is divided by 3504?
3
What is the remainder when 280445 is divided by 313?
310
What is the remainder when 850373 is divided by 1059?
1055
Calculate the remainder when 128418 is divided by 25680.
18
Calculate the remainder when 24886 is divided by 19.
15
What is the remainder when 17776 is divided by 117?
109
Calculate the remainder when 62411 is divided by 8914.
13
Calculate the remainder when 9070 is divided by 455.
425
Calculate the remainder when 5414 is divided by 60.
14
What is the remainder when 1899151 is divided by 85?
81
What is the remainder when 2561 is divided by 143?
130
Calculate the remainder when 82324 is divided by 52.
8
What is the remainder when 7035 is divided by 1737?
87
What is the remainder when 220320 is divided by 247?
243
Calculate the remainder when 316783 is divided by 8336.
15
What is the remainder when 152139 is divided by 32?
11
Calculate the remainder when 31253 is divided by 660.
233
Calculate the remainder when 17685 is divided by 3.
0
Calculate the remainder when 2737 is divided by 298.
55
What is the remainder when 79470 is divided by 15889?
25
Calculate the remainder when 11923 is divided by 1324.
7
What is the remainder when 577 is divided by 26?
5
Calculate the remainder when 3299 is divided by 703.
487
Calculate the remainder when 48991 is divided by 30.
1
Calculate the remainder when 14634 is divided by 418.
4
What is the remainder when 137747 is divided by 22?
5
What is the remainder when 32921 is divided by 13?
5
Calculate the remainder when 437 is divided by 373.
64
Calculate the remainder when 14901 is divided by 282.
237
What is the remainder when 1977 is divided by 30?
27
Calculate the remainder when 6607 is divided by 940.
27
What is the remainder when 141176 is divided by 1605?
1541
Calculate the remainder when 58213 is divided by 223.
10
What is the remainder when 8582 is divided by 260?
2
Calculate the remainder when 105642 is divided by 426.
420
What is the remainder when 20653 is divided by 13?
9
What is the remainder when 6208 is divided by 6145?
63
What is the remainder when 38722 is divided by 331?
326
What is the remainder when 70448 is divided by 291?
26
What is the remainder when 119918 is divided by 62?
10
What is the remainder when 42386 is divided by 202?
168
What is the remainder when 3509 is divided by 145?
29
Calculate the remainder when 44207 is divided by 39.
20
Calculate the remainder when 27338 is divided by 98.
94
Calculate the remainder when 3461 is divided by 493.
10
Calculate the remainder when 29627 is divided by 54.
35
Calculate the remainder when 15297 is divided by 77.
51
What is the remainder when 90704 is divided by 6478?
12
What is the remainder when 124197 is divided by 23?
20
What is the remainder when 74423 is divided by 34?
31
What is the remainder when 2779 is divided by 112?
91
What is the remainder when 65350 is divided by 3844?
2
What is the remainder when 629922 is divided by 2?
0
What is the remainder when 4411 is divided by 626?
29
Calculate the remainder when 2615 is divided by 490.
165
What is the remainder when 3098 is divided by 1870?
1228
Calculate the remainder when 12281 is divided by 719.
58
Calculate the remainder when 3500 is divided by 151.
27
What is the remainder when 3098 is divided by 1516?
66
Calculate the remainder when 15309 is divided by 37.
28
Calculate the remainder when 4407 is divided by 406.
347
What is the remainder when 328218 is divided by 21881?
3
Calculate the remainder when 4603 is divided by 272.
251
Calculate the remainder when 21489 is divided by 36.
33
Calculate the remainder when 1024011 is divided by 148.
147
Calculate the remainder when 1604 is divided by 29.
9
Calculate the remainder when 55465 is divided by 27724.
17
What is the remainder when 6254 is divided by 3087?
80
What is the remainder when 6063 is divided by 2021?
0
What is the remainder when 70428 is divided by 23?
2
What is the remainder when 57726 is divided by 176?
174
Calculate the remainder when 599160 is divided by 595.
590
What is the remainder when 1413 is divided by 198?
27
What is the remainder when 685753 is divided by 27?
7
Calculate the remainder when 842327 is divided by 131.
128
Calculate the remainder when 1686 is divided by 407.
58
What is the remainder when 447334 is divided by 72?
70
Calculate the remainder when 628 is divided by 550.
78
Calculate the remainder when 2557 is divided by 2544.
13
Calculate the remainder when 73905 is divided by 24631.
12
Calculate the remainder when 11465 is divided by 479.
448
Calculate the remainder when 1922834 is divided by 217.
214
Calculate the remainder when 47577 is divided by 15853.
18
What is the remainder when 48069 is divided by 23?
22
Calculate the remainder when 18499 is divided by 1252.
971
What is the remainder when 259894 is divided by 135?
19
Calculate the remainder when 9406 is divided by 4698.
10
What is the remainder when 5147 is divided by 490?
247
What is the remainder when 5502 is divided by 276?
258
Calculate the remainder when 10563 is divided by 40.
3
Calculate the remainder when 12995 is divided by 46.
23
What is the remainder when 1238652 is divided by 151?
150
Calculate the remainder when 10627 is divided by 33.
1
What is the remainder when 38470 is divided by 71?
59
Calculate the remainder when 711759 is divided by 496.
495
What is the remainder when 7429 is divided by 3?
1
Calculate the remainder when 9021 is divided by 96.
93
What is the remainder when 50848 is divided by 16928?
64
What is the remainder when 10220 is divided by 2036?
40
Calculate the remainder when 23576 is divided by 7666.
578
Calculate the remainder when 233 is divided by 5.
3
What is the remainder when 21786 is divided by 113?
90
Calculate the remainder when 1802 is divided by 5.
2
What is the remainder when 3082 is divided by 1026?
4
Calculate the remainder when 78390 is divided by 3.
0
Calculate the remainder when 239304 is divided by 47.
27
What is the remainder when 2271 is divided by 141?
15
Calculate the remainder when 56700 is divided by 29.
5
Calculate the remainder when 3408 is divided by 134.
58
Calculate the remainder when 2670 is divided by 2652.
18
Calculate the remainder when 1193633 is divided by 1218.
1211
Calculate the remainder when 64989 is divided by 21660.
9
What is the remainder when 17556 is divided by 5833?
57
Calculate the remainder when 1343787 is divided by 810.
807
What is the remainder when 191888 is divided by 5?
3
What is the remainder when 3071 is divided by 15?
11
What is the remainder when 17805 is divided by 29?
28
Calculate the remainder when 12914 is divided by 4070.
704
What is the remainder when 16899 is divided by 931?
141
Calculate the remainder when 6814 is divided by 1696.
30
What is the remainder when 10754 is divided by 11?
7
What is the remainder when 17784 is divided by 356?
340
What is the remainder when 2066 is divided by 12?
2
Calculate the remainder when 3083966 is divided by 32.
30
What is the remainder when 17616 is divided by 13?
1
Calculate the remainder when 2934 is divided by 331.
286
Calculate the remainder when 1354 is divided by 914.
440
Calculate the remainder when 80705 is divided by 684.
677
Calculate the remainder when 37335 is divided by 461.
455
What is the remainder when 4766 is divided by 15?
11
What is the remainder when 120274 is divided by 36?
34
Calculate the remainder when 24446 is divided by 270.
146
Calculate the remainder when 19923 is divided by 2485.
43
Calculate the remainder when 35974 is divided by 229.
21
Calculate the remainder when 57205 is divided by 12.
1
What is the remainder when 4634 is divided by 729?
260
What is the remainder when 49528 is divided by 5?
3
What is the remainder when 78657 is divided by 1142?
1001
Calculate the remainder when 6748 is divided by 636.
388
Calculate the remainder when 3654 is divided by 40.
14
What is